{"id":7,"date":"2025-05-29T15:27:54","date_gmt":"2025-05-29T15:27:54","guid":{"rendered":"https:\/\/vacunatoriokumefelen.cl\/?page_id=7"},"modified":"2025-07-17T19:07:43","modified_gmt":"2025-07-17T19:07:43","slug":"inicio","status":"publish","type":"page","link":"https:\/\/vacunatoriokumefelen.cl\/","title":{"rendered":"Inicio"},"content":{"rendered":"\n<div class=\"wp-block-group alignfull kubio-starter-content-section has-background\" id=\"features\" style=\"background-color:#12121408;padding-top:90px;padding-right:20px;padding-bottom:90px;padding-left:20px\"><div class=\"wp-block-group__inner-container is-layout-constrained wp-container-core-group-is-layout-27b6ff92 wp-block-group-is-layout-constrained\">\n<div class=\"wp-block-columns alignwide is-layout-flex wp-container-core-columns-is-layout-16c38e8b wp-block-columns-is-layout-flex\" style=\"padding-top:0px;padding-right:0px;padding-bottom:0px;padding-left:0px\">\n<div class=\"wp-block-column is-vertically-aligned-center is-layout-flow wp-container-core-column-is-layout-ca692a73 wp-block-column-is-layout-flow\" style=\"padding-bottom:30px\">\n<h2 class=\"wp-block-heading has-text-align-center has-kubio-color-6-color has-text-color has-link-color has-x-large-font-size wp-elements-76e4a07c67fd11a2318a33043fb8ecfe\">\u00bfNecesitas una vacuna?<\/h2>\n\n\n\n<hr class=\"wp-block-separator has-text-color has-kubio-color-3-color has-alpha-channel-opacity has-kubio-color-3-background-color has-background is-style-default wp-container-content-577e1c61\" style=\"margin-top:var(--wp--preset--spacing--40);margin-bottom:var(--wp--preset--spacing--40)\"\/>\n\n\n\n<p class=\"has-text-align-center has-kubio-color-6-color has-text-color has-link-color wp-elements-7520a7f3b07428c7cadfb4575415e9c8\" style=\"padding-top:0;padding-right:var(--wp--preset--spacing--40);padding-bottom:0;padding-left:var(--wp--preset--spacing--40);font-size:1.2em;font-style:normal;font-weight:500\">Satisfacemos tus necesidades de inmunizaci\u00f3n y orientaci\u00f3n de vacunas.<\/p>\n<\/div>\n<\/div>\n\n\n\n<div class=\"wp-block-columns alignwide is-layout-flex wp-container-core-columns-is-layout-58a7ec82 wp-block-columns-is-layout-flex\" style=\"padding-top:0px;padding-right:0px;padding-bottom:0px;padding-left:0px\">\n<div class=\"wp-block-column is-layout-flow wp-block-column-is-layout-flow\">\n<div class=\"wp-block-group is-content-justification-left\"><div class=\"wp-block-group__inner-container is-layout-constrained wp-container-core-group-is-layout-12dd3699 wp-block-group-is-layout-constrained\">\n<figure class=\"wp-block-image size-full\"><img loading=\"lazy\" decoding=\"async\" width=\"828\" height=\"822\" src=\"https:\/\/vacunatoriokumefelen.cl\/wp-content\/uploads\/2025\/06\/WhatsApp-Image-2025-06-02-at-12.25.03.jpeg\" alt=\"\" class=\"wp-image-63\" style=\"aspect-ratio:4\/3;object-fit:cover\" srcset=\"https:\/\/vacunatoriokumefelen.cl\/wp-content\/uploads\/2025\/06\/WhatsApp-Image-2025-06-02-at-12.25.03.jpeg 828w, https:\/\/vacunatoriokumefelen.cl\/wp-content\/uploads\/2025\/06\/WhatsApp-Image-2025-06-02-at-12.25.03-300x298.jpeg 300w, https:\/\/vacunatoriokumefelen.cl\/wp-content\/uploads\/2025\/06\/WhatsApp-Image-2025-06-02-at-12.25.03-150x150.jpeg 150w, https:\/\/vacunatoriokumefelen.cl\/wp-content\/uploads\/2025\/06\/WhatsApp-Image-2025-06-02-at-12.25.03-768x762.jpeg 768w\" sizes=\"(max-width: 828px) 100vw, 828px\" \/><\/figure>\n<\/div><\/div>\n\n\n\n<h2 class=\"wp-block-heading has-kubio-color-6-color has-text-color has-link-color wp-elements-6c32ca96e4fbc25404a58c6a9e154ae3\" style=\"font-size:1.3em\">Vacunas Pedi\u00e1tricas<\/h2>\n\n\n\n<p class=\"has-kubio-color-6-color has-text-color has-link-color wp-elements-3532341705822ec9ec2a6c1bc9c0ba22\" style=\"font-size:16px;font-style:normal;font-weight:300;line-height:1.6\">Influenza, Rotavirus, Meningitis A,C,W,Y, Meningitis B, Hepatitis A, Varicela<\/p>\n<\/div>\n\n\n\n<div class=\"wp-block-column is-layout-flow wp-block-column-is-layout-flow\">\n<div class=\"wp-block-group is-content-justification-left\"><div class=\"wp-block-group__inner-container is-layout-constrained wp-container-core-group-is-layout-12dd3699 wp-block-group-is-layout-constrained\">\n<figure class=\"wp-block-image size-full\"><img loading=\"lazy\" decoding=\"async\" width=\"1192\" height=\"1143\" src=\"https:\/\/vacunatoriokumefelen.cl\/wp-content\/uploads\/2025\/06\/WhatsApp-Image-2025-06-26-at-20.00.45-1.jpeg\" alt=\"\" class=\"wp-image-108\" style=\"aspect-ratio:4\/3;object-fit:cover\" srcset=\"https:\/\/vacunatoriokumefelen.cl\/wp-content\/uploads\/2025\/06\/WhatsApp-Image-2025-06-26-at-20.00.45-1.jpeg 1192w, https:\/\/vacunatoriokumefelen.cl\/wp-content\/uploads\/2025\/06\/WhatsApp-Image-2025-06-26-at-20.00.45-1-300x288.jpeg 300w, https:\/\/vacunatoriokumefelen.cl\/wp-content\/uploads\/2025\/06\/WhatsApp-Image-2025-06-26-at-20.00.45-1-1024x982.jpeg 1024w, https:\/\/vacunatoriokumefelen.cl\/wp-content\/uploads\/2025\/06\/WhatsApp-Image-2025-06-26-at-20.00.45-1-768x736.jpeg 768w, https:\/\/vacunatoriokumefelen.cl\/wp-content\/uploads\/2025\/06\/WhatsApp-Image-2025-06-26-at-20.00.45-1-1126x1080.jpeg 1126w\" sizes=\"(max-width: 1192px) 100vw, 1192px\" \/><\/figure>\n<\/div><\/div>\n\n\n\n<h2 class=\"wp-block-heading has-kubio-color-6-color has-text-color has-link-color wp-elements-5a4df015bb03c845888520178b7813ff\" style=\"font-size:1.3em\">Vacunas para Personas Mayores<\/h2>\n\n\n\n<p class=\"has-kubio-color-6-color has-text-color has-link-color wp-elements-a5f4740f34e789af76c3b1ddf0821e7e\" style=\"font-size:16px;font-style:normal;font-weight:300;line-height:1.6\">Influenza, Herpes Zoster, Virus Sincicial, Tos Convulsiva, Neumococo<\/p>\n<\/div>\n\n\n\n<div class=\"wp-block-column is-layout-flow wp-block-column-is-layout-flow\">\n<div class=\"wp-block-group is-content-justification-left\"><div class=\"wp-block-group__inner-container is-layout-constrained wp-container-core-group-is-layout-12dd3699 wp-block-group-is-layout-constrained\">\n<figure class=\"wp-block-image size-full\"><img loading=\"lazy\" decoding=\"async\" width=\"1000\" height=\"640\" src=\"https:\/\/vacunatoriokumefelen.cl\/wp-content\/uploads\/2025\/05\/embarazadas-vacuna.jpg\" alt=\"\" class=\"wp-image-47\" style=\"aspect-ratio:4\/3;object-fit:cover\" srcset=\"https:\/\/vacunatoriokumefelen.cl\/wp-content\/uploads\/2025\/05\/embarazadas-vacuna.jpg 1000w, https:\/\/vacunatoriokumefelen.cl\/wp-content\/uploads\/2025\/05\/embarazadas-vacuna-300x192.jpg 300w, https:\/\/vacunatoriokumefelen.cl\/wp-content\/uploads\/2025\/05\/embarazadas-vacuna-768x492.jpg 768w\" sizes=\"(max-width: 1000px) 100vw, 1000px\" \/><\/figure>\n<\/div><\/div>\n\n\n\n<h2 class=\"wp-block-heading has-kubio-color-6-color has-text-color has-link-color wp-elements-81968c43af660b74da567271f828d302\" style=\"font-size:1.3em\">Vacunas para embarazadas<\/h2>\n\n\n\n<p class=\"has-kubio-color-6-color has-text-color has-link-color wp-elements-dabce5a65fb0314986eb5fb895098270\" style=\"font-size:16px;font-style:normal;font-weight:300;line-height:1.6\">Influenza, Dtpa (Difteria, t\u00e9tanos y tos convulsiva), Virus Sincicial<\/p>\n<\/div>\n\n\n\n<div class=\"wp-block-column is-layout-flow wp-block-column-is-layout-flow\">\n<div class=\"wp-block-group is-content-justification-left\"><div class=\"wp-block-group__inner-container is-layout-constrained wp-container-core-group-is-layout-12dd3699 wp-block-group-is-layout-constrained\">\n<figure class=\"wp-block-image size-full\"><img loading=\"lazy\" decoding=\"async\" width=\"2560\" height=\"1707\" src=\"https:\/\/vacunatoriokumefelen.cl\/wp-content\/uploads\/2025\/06\/vacunas-scaled-1.jpg\" alt=\"\" class=\"wp-image-87\" style=\"aspect-ratio:4\/3;object-fit:cover\" srcset=\"https:\/\/vacunatoriokumefelen.cl\/wp-content\/uploads\/2025\/06\/vacunas-scaled-1.jpg 2560w, https:\/\/vacunatoriokumefelen.cl\/wp-content\/uploads\/2025\/06\/vacunas-scaled-1-300x200.jpg 300w, https:\/\/vacunatoriokumefelen.cl\/wp-content\/uploads\/2025\/06\/vacunas-scaled-1-1024x683.jpg 1024w, https:\/\/vacunatoriokumefelen.cl\/wp-content\/uploads\/2025\/06\/vacunas-scaled-1-768x512.jpg 768w, https:\/\/vacunatoriokumefelen.cl\/wp-content\/uploads\/2025\/06\/vacunas-scaled-1-1536x1024.jpg 1536w, https:\/\/vacunatoriokumefelen.cl\/wp-content\/uploads\/2025\/06\/vacunas-scaled-1-2048x1366.jpg 2048w, https:\/\/vacunatoriokumefelen.cl\/wp-content\/uploads\/2025\/06\/vacunas-scaled-1-1620x1080.jpg 1620w\" sizes=\"(max-width: 2560px) 100vw, 2560px\" \/><\/figure>\n<\/div><\/div>\n\n\n\n<h2 class=\"wp-block-heading has-kubio-color-6-color has-text-color has-link-color wp-elements-ecc73ec50b2d91a4d21d6a7a66b01ce5\" style=\"font-size:1.3em\">Vacunas para Viajeros<\/h2>\n\n\n\n<p class=\"has-kubio-color-6-color has-text-color has-link-color wp-elements-c6b30f222b8edf6d6a2e3fcde07844e8\" style=\"font-size:16px;font-style:normal;font-weight:300;line-height:1.6\">Fiebre amarilla, t\u00e9tanos, Hepatitis A, Hepatitis B, Poliomelitis, Sarampi\u00f3n, Rub\u00e9ola, Paratoditis, Antirr\u00e1bica<\/p>\n<\/div>\n\n\n\n<div class=\"wp-block-column is-layout-flow wp-block-column-is-layout-flow\">\n<div class=\"wp-block-group is-content-justification-left\"><div class=\"wp-block-group__inner-container is-layout-constrained wp-container-core-group-is-layout-12dd3699 wp-block-group-is-layout-constrained\">\n<figure class=\"wp-block-image size-full\"><img loading=\"lazy\" decoding=\"async\" width=\"1000\" height=\"549\" src=\"https:\/\/vacunatoriokumefelen.cl\/wp-content\/uploads\/2025\/06\/Tercera-dosis-ths.jpg\" alt=\"\" class=\"wp-image-85\" style=\"aspect-ratio:4\/3;object-fit:cover\" srcset=\"https:\/\/vacunatoriokumefelen.cl\/wp-content\/uploads\/2025\/06\/Tercera-dosis-ths.jpg 1000w, https:\/\/vacunatoriokumefelen.cl\/wp-content\/uploads\/2025\/06\/Tercera-dosis-ths-300x165.jpg 300w, https:\/\/vacunatoriokumefelen.cl\/wp-content\/uploads\/2025\/06\/Tercera-dosis-ths-768x422.jpg 768w\" sizes=\"(max-width: 1000px) 100vw, 1000px\" \/><\/figure>\n<\/div><\/div>\n\n\n\n<h2 class=\"wp-block-heading has-kubio-color-6-color has-text-color has-link-color wp-elements-7341fd56bd70e1dea81671fc2e434136\" style=\"font-size:1.3em\">Vacunas para Profesionales de la Salud<\/h2>\n\n\n\n<p class=\"has-kubio-color-6-color has-text-color has-link-color wp-elements-27d801de75f516e61ce4cc6c274522a1\" style=\"font-size:16px;font-style:normal;font-weight:300;line-height:1.6\">Influenza, Covid, Hepatitis B, Varicela<\/p>\n<\/div>\n\n\n\n<div class=\"wp-block-column is-layout-flow wp-block-column-is-layout-flow\">\n<div class=\"wp-block-group is-content-justification-left\"><div class=\"wp-block-group__inner-container is-layout-constrained wp-container-core-group-is-layout-12dd3699 wp-block-group-is-layout-constrained\">\n<figure class=\"wp-block-image size-full\"><img loading=\"lazy\" decoding=\"async\" width=\"768\" height=\"512\" src=\"https:\/\/vacunatoriokumefelen.cl\/wp-content\/uploads\/2025\/06\/persona-vacunandose-768x512-1.jpeg\" alt=\"\" class=\"wp-image-89\" style=\"aspect-ratio:4\/3;object-fit:cover\" srcset=\"https:\/\/vacunatoriokumefelen.cl\/wp-content\/uploads\/2025\/06\/persona-vacunandose-768x512-1.jpeg 768w, https:\/\/vacunatoriokumefelen.cl\/wp-content\/uploads\/2025\/06\/persona-vacunandose-768x512-1-300x200.jpeg 300w\" sizes=\"(max-width: 768px) 100vw, 768px\" \/><\/figure>\n<\/div><\/div>\n\n\n\n<h2 class=\"wp-block-heading has-kubio-color-6-color has-text-color has-link-color wp-elements-1fdb816893c0fc6f4e45fddffd2c2658\" style=\"font-size:1.3em\">Vacunas Empresas<\/h2>\n\n\n\n<p class=\"has-kubio-color-6-color has-text-color has-link-color wp-elements-c9569bb6b2948482d79fe6472fd1d29e\" style=\"font-size:16px;font-style:normal;font-weight:300;line-height:1.6\">Convenios especiales <\/p>\n\n\n<\/div>\n<\/div>\n<\/div><\/div>\n\n\n\n\n\n\n","protected":false},"excerpt":{"rendered":"<p>\u00bfNecesitas una vacuna? Satisfacemos tus necesidades de inmunizaci\u00f3n y orientaci\u00f3n de vacunas. Vacunas Pedi\u00e1tricas Influenza, Rotavirus, Meningitis A,C,W,Y, Meningitis B, Hepatitis A, Varicela Vacunas para Personas Mayores Influenza, Herpes Zoster, Virus Sincicial, Tos Convulsiva, Neumococo Vacunas para embarazadas Influenza, Dtpa (Difteria, t\u00e9tanos y tos convulsiva), Virus Sincicial Vacunas para Viajeros Fiebre amarilla, t\u00e9tanos, Hepatitis A, [&hellip;]<\/p>\n","protected":false},"author":1,"featured_media":0,"parent":0,"menu_order":0,"comment_status":"closed","ping_status":"closed","template":"home-page.php","meta":{"saved_in_kubio":true,"footnotes":""},"class_list":["post-7","page","type-page","status-publish","hentry"],"kubio_ai_page_context":{"short_desc":"","purpose":"general"},"_links":{"self":[{"href":"https:\/\/vacunatoriokumefelen.cl\/index.php\/wp-json\/wp\/v2\/pages\/7","targetHints":{"allow":["GET"]}}],"collection":[{"href":"https:\/\/vacunatoriokumefelen.cl\/index.php\/wp-json\/wp\/v2\/pages"}],"about":[{"href":"https:\/\/vacunatoriokumefelen.cl\/index.php\/wp-json\/wp\/v2\/types\/page"}],"author":[{"embeddable":true,"href":"https:\/\/vacunatoriokumefelen.cl\/index.php\/wp-json\/wp\/v2\/users\/1"}],"replies":[{"embeddable":true,"href":"https:\/\/vacunatoriokumefelen.cl\/index.php\/wp-json\/wp\/v2\/comments?post=7"}],"version-history":[{"count":25,"href":"https:\/\/vacunatoriokumefelen.cl\/index.php\/wp-json\/wp\/v2\/pages\/7\/revisions"}],"predecessor-version":[{"id":131,"href":"https:\/\/vacunatoriokumefelen.cl\/index.php\/wp-json\/wp\/v2\/pages\/7\/revisions\/131"}],"wp:attachment":[{"href":"https:\/\/vacunatoriokumefelen.cl\/index.php\/wp-json\/wp\/v2\/media?parent=7"}],"curies":[{"name":"wp","href":"https:\/\/api.w.org\/{rel}","templated":true}]}}

<div class="wp-block-group alignfull kubio-starter-content-section has-background" id="features" style="background-color:#12121408;padding-top:90px;padding-right:20px;padding-bottom:90px;padding-left:20px"><div class="wp-block-group__inner-container is-layout-constrained wp-container-core-group-is-layout-27b6ff92 wp-block-group-is-layout-constrained">
<div class="wp-block-columns alignwide is-layout-flex wp-container-core-columns-is-layout-16c38e8b wp-block-columns-is-layout-flex" style="padding-top:0px;padding-right:0px;padding-bottom:0px;padding-left:0px">
<div class="wp-block-column is-vertically-aligned-center is-layout-flow wp-container-core-column-is-layout-ca692a73 wp-block-column-is-layout-flow" style="padding-bottom:30px">
<h2 class="wp-block-heading has-text-align-center has-kubio-color-6-color has-text-color has-link-color has-x-large-font-size wp-elements-76e4a07c67fd11a2318a33043fb8ecfe">¿Necesitas una vacuna?</h2>



<hr class="wp-block-separator has-text-color has-kubio-color-3-color has-alpha-channel-opacity has-kubio-color-3-background-color has-background is-style-default wp-container-content-577e1c61" style="margin-top:var(--wp--preset--spacing--40);margin-bottom:var(--wp--preset--spacing--40)"/>



<p class="has-text-align-center has-kubio-color-6-color has-text-color has-link-color wp-elements-7520a7f3b07428c7cadfb4575415e9c8" style="padding-top:0;padding-right:var(--wp--preset--spacing--40);padding-bottom:0;padding-left:var(--wp--preset--spacing--40);font-size:1.2em;font-style:normal;font-weight:500">Satisfacemos tus necesidades de inmunización y orientación de vacunas.</p>
</div>
</div>



<div class="wp-block-columns alignwide is-layout-flex wp-container-core-columns-is-layout-58a7ec82 wp-block-columns-is-layout-flex" style="padding-top:0px;padding-right:0px;padding-bottom:0px;padding-left:0px">
<div class="wp-block-column is-layout-flow wp-block-column-is-layout-flow">
<div class="wp-block-group is-content-justification-left"><div class="wp-block-group__inner-container is-layout-constrained wp-container-core-group-is-layout-12dd3699 wp-block-group-is-layout-constrained">
<figure class="wp-block-image size-full"><img loading="lazy" decoding="async" width="828" height="822" src="https://vacunatoriokumefelen.cl/wp-content/uploads/2025/06/WhatsApp-Image-2025-06-02-at-12.25.03.jpeg" alt="" class="wp-image-63" style="aspect-ratio:4/3;object-fit:cover" srcset="https://vacunatoriokumefelen.cl/wp-content/uploads/2025/06/WhatsApp-Image-2025-06-02-at-12.25.03.jpeg 828w, https://vacunatoriokumefelen.cl/wp-content/uploads/2025/06/WhatsApp-Image-2025-06-02-at-12.25.03-300x298.jpeg 300w, https://vacunatoriokumefelen.cl/wp-content/uploads/2025/06/WhatsApp-Image-2025-06-02-at-12.25.03-150x150.jpeg 150w, https://vacunatoriokumefelen.cl/wp-content/uploads/2025/06/WhatsApp-Image-2025-06-02-at-12.25.03-768x762.jpeg 768w" sizes="(max-width: 828px) 100vw, 828px" /></figure>
</div></div>



<h2 class="wp-block-heading has-kubio-color-6-color has-text-color has-link-color wp-elements-6c32ca96e4fbc25404a58c6a9e154ae3" style="font-size:1.3em">Vacunas Pediátricas</h2>



<p class="has-kubio-color-6-color has-text-color has-link-color wp-elements-3532341705822ec9ec2a6c1bc9c0ba22" style="font-size:16px;font-style:normal;font-weight:300;line-height:1.6">Influenza, Rotavirus, Meningitis A,C,W,Y, Meningitis B, Hepatitis A, Varicela</p>
</div>



<div class="wp-block-column is-layout-flow wp-block-column-is-layout-flow">
<div class="wp-block-group is-content-justification-left"><div class="wp-block-group__inner-container is-layout-constrained wp-container-core-group-is-layout-12dd3699 wp-block-group-is-layout-constrained">
<figure class="wp-block-image size-full"><img loading="lazy" decoding="async" width="1192" height="1143" src="https://vacunatoriokumefelen.cl/wp-content/uploads/2025/06/WhatsApp-Image-2025-06-26-at-20.00.45-1.jpeg" alt="" class="wp-image-108" style="aspect-ratio:4/3;object-fit:cover" srcset="https://vacunatoriokumefelen.cl/wp-content/uploads/2025/06/WhatsApp-Image-2025-06-26-at-20.00.45-1.jpeg 1192w, https://vacunatoriokumefelen.cl/wp-content/uploads/2025/06/WhatsApp-Image-2025-06-26-at-20.00.45-1-300x288.jpeg 300w, https://vacunatoriokumefelen.cl/wp-content/uploads/2025/06/WhatsApp-Image-2025-06-26-at-20.00.45-1-1024x982.jpeg 1024w, https://vacunatoriokumefelen.cl/wp-content/uploads/2025/06/WhatsApp-Image-2025-06-26-at-20.00.45-1-768x736.jpeg 768w, https://vacunatoriokumefelen.cl/wp-content/uploads/2025/06/WhatsApp-Image-2025-06-26-at-20.00.45-1-1126x1080.jpeg 1126w" sizes="(max-width: 1192px) 100vw, 1192px" /></figure>
</div></div>



<h2 class="wp-block-heading has-kubio-color-6-color has-text-color has-link-color wp-elements-5a4df015bb03c845888520178b7813ff" style="font-size:1.3em">Vacunas para Personas Mayores</h2>



<p class="has-kubio-color-6-color has-text-color has-link-color wp-elements-a5f4740f34e789af76c3b1ddf0821e7e" style="font-size:16px;font-style:normal;font-weight:300;line-height:1.6">Influenza, Herpes Zoster, Virus Sincicial, Tos Convulsiva, Neumococo</p>
</div>



<div class="wp-block-column is-layout-flow wp-block-column-is-layout-flow">
<div class="wp-block-group is-content-justification-left"><div class="wp-block-group__inner-container is-layout-constrained wp-container-core-group-is-layout-12dd3699 wp-block-group-is-layout-constrained">
<figure class="wp-block-image size-full"><img loading="lazy" decoding="async" width="1000" height="640" src="https://vacunatoriokumefelen.cl/wp-content/uploads/2025/05/embarazadas-vacuna.jpg" alt="" class="wp-image-47" style="aspect-ratio:4/3;object-fit:cover" srcset="https://vacunatoriokumefelen.cl/wp-content/uploads/2025/05/embarazadas-vacuna.jpg 1000w, https://vacunatoriokumefelen.cl/wp-content/uploads/2025/05/embarazadas-vacuna-300x192.jpg 300w, https://vacunatoriokumefelen.cl/wp-content/uploads/2025/05/embarazadas-vacuna-768x492.jpg 768w" sizes="(max-width: 1000px) 100vw, 1000px" /></figure>
</div></div>



<h2 class="wp-block-heading has-kubio-color-6-color has-text-color has-link-color wp-elements-81968c43af660b74da567271f828d302" style="font-size:1.3em">Vacunas para embarazadas</h2>



<p class="has-kubio-color-6-color has-text-color has-link-color wp-elements-dabce5a65fb0314986eb5fb895098270" style="font-size:16px;font-style:normal;font-weight:300;line-height:1.6">Influenza, Dtpa (Difteria, tétanos y tos convulsiva), Virus Sincicial</p>
</div>



<div class="wp-block-column is-layout-flow wp-block-column-is-layout-flow">
<div class="wp-block-group is-content-justification-left"><div class="wp-block-group__inner-container is-layout-constrained wp-container-core-group-is-layout-12dd3699 wp-block-group-is-layout-constrained">
<figure class="wp-block-image size-full"><img loading="lazy" decoding="async" width="2560" height="1707" src="https://vacunatoriokumefelen.cl/wp-content/uploads/2025/06/vacunas-scaled-1.jpg" alt="" class="wp-image-87" style="aspect-ratio:4/3;object-fit:cover" srcset="https://vacunatoriokumefelen.cl/wp-content/uploads/2025/06/vacunas-scaled-1.jpg 2560w, https://vacunatoriokumefelen.cl/wp-content/uploads/2025/06/vacunas-scaled-1-300x200.jpg 300w, https://vacunatoriokumefelen.cl/wp-content/uploads/2025/06/vacunas-scaled-1-1024x683.jpg 1024w, https://vacunatoriokumefelen.cl/wp-content/uploads/2025/06/vacunas-scaled-1-768x512.jpg 768w, https://vacunatoriokumefelen.cl/wp-content/uploads/2025/06/vacunas-scaled-1-1536x1024.jpg 1536w, https://vacunatoriokumefelen.cl/wp-content/uploads/2025/06/vacunas-scaled-1-2048x1366.jpg 2048w, https://vacunatoriokumefelen.cl/wp-content/uploads/2025/06/vacunas-scaled-1-1620x1080.jpg 1620w" sizes="(max-width: 2560px) 100vw, 2560px" /></figure>
</div></div>



<h2 class="wp-block-heading has-kubio-color-6-color has-text-color has-link-color wp-elements-ecc73ec50b2d91a4d21d6a7a66b01ce5" style="font-size:1.3em">Vacunas para Viajeros</h2>



<p class="has-kubio-color-6-color has-text-color has-link-color wp-elements-c6b30f222b8edf6d6a2e3fcde07844e8" style="font-size:16px;font-style:normal;font-weight:300;line-height:1.6">Fiebre amarilla, tétanos, Hepatitis A, Hepatitis B, Poliomelitis, Sarampión, Rubéola, Paratoditis, Antirrábica</p>
</div>



<div class="wp-block-column is-layout-flow wp-block-column-is-layout-flow">
<div class="wp-block-group is-content-justification-left"><div class="wp-block-group__inner-container is-layout-constrained wp-container-core-group-is-layout-12dd3699 wp-block-group-is-layout-constrained">
<figure class="wp-block-image size-full"><img loading="lazy" decoding="async" width="1000" height="549" src="https://vacunatoriokumefelen.cl/wp-content/uploads/2025/06/Tercera-dosis-ths.jpg" alt="" class="wp-image-85" style="aspect-ratio:4/3;object-fit:cover" srcset="https://vacunatoriokumefelen.cl/wp-content/uploads/2025/06/Tercera-dosis-ths.jpg 1000w, https://vacunatoriokumefelen.cl/wp-content/uploads/2025/06/Tercera-dosis-ths-300x165.jpg 300w, https://vacunatoriokumefelen.cl/wp-content/uploads/2025/06/Tercera-dosis-ths-768x422.jpg 768w" sizes="(max-width: 1000px) 100vw, 1000px" /></figure>
</div></div>



<h2 class="wp-block-heading has-kubio-color-6-color has-text-color has-link-color wp-elements-7341fd56bd70e1dea81671fc2e434136" style="font-size:1.3em">Vacunas para Profesionales de la Salud</h2>



<p class="has-kubio-color-6-color has-text-color has-link-color wp-elements-27d801de75f516e61ce4cc6c274522a1" style="font-size:16px;font-style:normal;font-weight:300;line-height:1.6">Influenza, Covid, Hepatitis B, Varicela</p>
</div>



<div class="wp-block-column is-layout-flow wp-block-column-is-layout-flow">
<div class="wp-block-group is-content-justification-left"><div class="wp-block-group__inner-container is-layout-constrained wp-container-core-group-is-layout-12dd3699 wp-block-group-is-layout-constrained">
<figure class="wp-block-image size-full"><img loading="lazy" decoding="async" width="768" height="512" src="https://vacunatoriokumefelen.cl/wp-content/uploads/2025/06/persona-vacunandose-768x512-1.jpeg" alt="" class="wp-image-89" style="aspect-ratio:4/3;object-fit:cover" srcset="https://vacunatoriokumefelen.cl/wp-content/uploads/2025/06/persona-vacunandose-768x512-1.jpeg 768w, https://vacunatoriokumefelen.cl/wp-content/uploads/2025/06/persona-vacunandose-768x512-1-300x200.jpeg 300w" sizes="(max-width: 768px) 100vw, 768px" /></figure>
</div></div>



<h2 class="wp-block-heading has-kubio-color-6-color has-text-color has-link-color wp-elements-1fdb816893c0fc6f4e45fddffd2c2658" style="font-size:1.3em">Vacunas Empresas</h2>



<p class="has-kubio-color-6-color has-text-color has-link-color wp-elements-c9569bb6b2948482d79fe6472fd1d29e" style="font-size:16px;font-style:normal;font-weight:300;line-height:1.6">Convenios especiales </p>


</div>
</div>
</div></div>

<p>¿Necesitas una vacuna? Satisfacemos tus necesidades de inmunización y orientación de vacunas. Vacunas Pediátricas Influenza, Rotavirus, Meningitis A,C,W,Y, Meningitis B, Hepatitis A, Varicela Vacunas para Personas Mayores Influenza, Herpes Zoster, Virus Sincicial, Tos Convulsiva, Neumococo Vacunas para embarazadas Influenza, Dtpa (Difteria, tétanos y tos convulsiva), Virus Sincicial Vacunas para Viajeros Fiebre amarilla, tétanos, Hepatitis A, [&hellip;]</p>
